, 5*o = 0. Let r = -34 + h. What are the prime factors of r?
2, 7
Suppose 60*b = 102573 - 10533. What are the prime factors of b?
2, 13, 59
Let u = -320 + 155. Let j = -16 - u. List the prime factors of j.
149
Let w(h) = -h**3 - 11*h**2 - 9*h + 6. Suppose -2*f - 8 = 12. Let m be w(f). Let j(g) = g**3 + 6*g**2 - 4. List the prime factors of j(m).
2, 7
Let u = -560 - -1318. List the prime factors of u.
2, 379
Let z be (3 + 1)/(-4)*-1. Let g(v) = v**2 + 10*v + 11. Let x be g(-9). List the prime factors of 32/6*(x + z).
2
Suppose -22*y = 18*y - 54360. What are the prime factors of y?
3, 151
List the prime factors of ((-81055)/150 - 16/120)*-2.
23, 47
Let v = 21 + -14. Let t(y) = 10*y - 20. What are the prime factors of t(v)?
2, 5
Let g = 87 + -26. Suppose s + t + 3*t + 4 = 0, -t - g = 4*s. Let d = 42 + s. What are the prime factors of d?
2, 13
Let b be 842/(4 + (-1 - 1)). Let c = b + -213. Suppose 58 = -3*p + c. List the prime factors of p.
2, 5
List the prime factors of (152/(-24) + 7)/(4/3438).
3, 191
Let d = 168 - 82. What are the prime factors of d?
2, 43
Suppose 0 = -10*m - 2881 - 569. Let l = m + 512. List the prime factors of l.
167
Let z(t) = 24*t**2 + 19*t - 8. List the prime factors of z(-8).
2, 43
Suppose -2*s + 4*q - q - 62 = 0, -4*s = -2*q + 116. Let y be (16 + -10)*s/6. Let d = y + 50. What are the prime factors of d?
2, 11
Let y(p) = 2*p. Let b be y(1). Suppose -129 = -2*o + 3*v, b*o = 2*v + 29 + 105. What are the prime factors of o?
2, 3
Let q = -397 - -663. List the prime factors of q.
2, 7, 19
Let c(q) = 796*q - 52. List the prime factors of c(5).
2, 491
Let g be (-2)/(-4)*6/2*-42. List the prime factors of (-2682)/(-21) + (-18)/g.
2
Let d be 470/47*(1/(-2) + 0). Let r(s) = s**3 + 7*s**2 - 8*s + 1. What are the prime factors of r(d)?
7, 13
Let t(f) be the second derivative of f**4/3 + 7*f**2 - 5*f. What are the prime factors of t(-4)?
2, 3, 13
Let p(d) = -4*d**2 + d - 3. Let v be p(3). Let s be (-8)/v - 102/(-27). Suppose -s*r + 16 = -2*u + 3*u, -4*u = -4*r - 4. What are the prime factors of u?
2
Suppose 2*a + 464 = -4*c, 4*a = -5*c + 8*a - 554. Let x = 149 - c. List the prime factors of x.
263
Let b(d) = 2*d**3 + 36*d**2 + 29*d - 28. What are the prime factors of b(-16)?
2, 7, 19
Suppose 15*m - 22*m + 2387 = 0. List the prime factors of m.
11, 31
Let u(g) = -7*g + 2. Let r be u(-3). Suppose -5*v - 16 = -36. Suppose p - r = v. What are the prime factors of p?
3
Let z be 25/(-15)*(-6)/5. List the prime factors of (((-6)/(-4))/(-3))/(z/(-284)).
71
Let r(n) = n**3 + 4*n**2 + n - 3. Let d be r(-5). Let l = d + 72. List the prime factors of l.
3, 13
List the prime factors of 1/(-8) + (20 - 766199/(-184)).
2, 523
Let b(u) be the first derivative of 6*u - 1 - 1/2*u**2. List the prime factors of b(-4).
2, 5
Let v(s) = 24*s**2 + 14*s + 57. What are the prime factors of v(-5)?
587
Let k(t) = -t - 4. Let s be k(-6). Let o(g) = -g. Let h(a) = -13*a + 3. Let f(u) = -h(u) - 3*o(u). What are the prime factors of f(s)?
29
Let w be (-19)/(-4) + 6/(-8). Suppose 2*g = 4*d - 130, -187 = -0*g + 3*g - w*d. Let k = g + 85. List the prime factors of k.
2, 7
Suppose v - 1367 = -m, 27*m - 4*v - 2716 = 25*m. What are the prime factors of m?
2, 11, 31
Let q = -85 - -88. Suppose -3*m - q*x + 4*x = -867, -2*m - x = -583. What are the prime factors of m?
2, 5, 29
Let v = -2 + 4. Suppose -v*l + 165 + 249 = 4*n, 4*l - 816 = -5*n. List the prime factors of l.
199
Let p(z) = -z**3 - 5*z**2 - 5*z - 2. Let w be 3 + -8 - (-2)/2. Let i be p(w). Suppose -7 + 21 = i*m. What are the prime factors of m?
7
Let u be 2/(-1) - (4 + -13). Suppose 3*j = u*j + 148. Let g = j + 71. List the prime factors of g.
2, 17
Let f = 99 - 176. Let q = -12 - f. What are the prime factors of q?
5, 13
Suppose 2*y = 2, 0 = 6*x - x - 4*y - 1931. Suppose 0 = -2*z - v + x, 588 = 4*z - z - v. What are the prime factors of z?
3, 5, 13
Suppose -2*y = 3*d - 11, -2*d = 2*d + 12. What are the prime factors of y/2*(-126)/(-15)?
2, 3, 7
Let m = -331 - -1051. List the prime factors of m.
2, 3, 5
Let b(z) = -3*z - 11. Let f be b(-5). Suppose 0*u + 620 = f*u. List the prime factors of u.
5, 31
Let f(j) = -j**3 + 24*j**2 - 25*j - 65. What are the prime factors of f(14)?
3, 5, 103
Let i(y) = y**2 + y. Let v be i(-1). Suppose 2*r + r - 6 = v, -5*k - 3*r + 46 = 0. What are the prime factors of k?
2
Suppose 12*o + 7376 = 16*o + 3*n, 0 = -5*o + 3*n + 9247. What are the prime factors of o?
1847
Suppose -2*p = 4*p. Suppose -5*g = 2*z - 369 + 22, p = -5*g + z + 359. List the prime factors of g.
71
Let k(u) = u**2 + 14*u + 250. What are the prime factors of k(0)?
2, 5
Let x(h) = 199*h - 25. What are the prime factors of x(3)?
2, 11, 13
Let g = -582 - -822. What are the prime factors of g?
2, 3, 5
Suppose -4*n + 2*g - 6*g = -136, -3*g - 88 = -2*n. Suppose 0 = 3*j - 2*j + n. Let t = j - -79. List the prime factors of t.
41
Let w(y) = -7*y + 20. Let r(p) = -7*p + 19. Let l(h) = 3*r(h) - 2*w(h). List the prime factors of l(-5).
2, 13
Let l be 28/(-49) - (-67)/7. Suppose -l*z = -2748 + 858. What are the prime factors of z?
2, 3, 5, 7
Let a = -46 + 64. Let p = -28 + a. Let v(w) = -3*w - 15. What are the prime factors of v(p)?
3, 5
Suppose 88*n - 74585 = 53*n. What are the prime factors of n?
2131
Suppose 5*r + 3*a + 1004 = 0, -3*r = -r + 2*a + 404. Let q = 335 + r. List the prime factors of q.
2, 17
Let h(d) = d**3 - d**2 - d + 1. Let z(x) = -5*x**3 - 4*x**2 - 4*x - 9. Let r(v) = -4*h(v) - z(v). What are the prime factors of r(-3)?
2, 13
Let y = 1344 + -502. What are the prime factors of y?
2, 421
Suppose s - 5*t - 397 = 0, -2*s + 2*t + 57 + 713 = 0. What are the prime factors of s?
2, 191
Suppose -4*g - 265 = -g - v, 3*v + 261 = -3*g. Let q = g + 145. What are the prime factors of q?
3, 19
List the prime factors of (114/(-76))/(9/(-35328)).
2, 23
Let k = -142 - -675. List the prime factors of k.
13, 41
Let p = 7 - -21. Suppose 3*h = 3*x + 3, -p = -5*h - 4*x - 5. What are the prime factors of h?
3
Suppose 0*v = 5*v - 20. Suppose -4*u - 5*l + 74 = -0*l, -2*l + 68 = v*u. List the prime factors of u.
2
Suppose 2*h - 4*h = b - 6396, 4*h - 3*b = 12802. What are the prime factors of h?
7, 457
Let a(i) = -i**3 - 3*i**2 - 4*i - 3. Let v be a(-2). Let d(k) = 6*k**3 - 72 + k**2 + 72. What are the prime factors of d(v)?
7
Suppose -3*f + 22 - 7 = 0. Suppose 0 = f*d - 1409 + 169. List the prime factors of d.
2, 31
Suppose 0 = -418*m + 426*m - 16. Let o be -9*(41/(-3) - 1). Suppose m = -2*v - 4, -4*f + 4*v = -o. What are the prime factors of f?
2, 3, 5
Suppose -269*j + 273*j - 9224 = 0. What are the prime factors of j?
2, 1153
Let o = -142 + 126. List the prime factors of (-4096)/o + -3 + 1.
2, 127
Let h be (0 + -6)*-1 + -3. Let j be h + -8 + 2 + 8. Suppose j = v - 9. What are the prime factors of v?
2, 7
Suppose 0 = -2*g - 3*g + 10, 0 = -5*w + 2*g + 11986. List the prime factors of w.
2, 11, 109
Let y = -69 + 73. Suppose -4*k - 9*s + y*s = -459, 237 = 2*k - 5*s. List the prime factors of k.
2, 29
Let v(q) = -11*q + 5. Let n be v(1). List the prime factors of n/(-2) - (-162 - (2 - 6)).
7, 23
Let y(f) = f**3 - 4*f**2 - 8*f + 15. List the prime factors of y(7).
2, 53
Suppose 4*m + 4*v = 776, 2*m + v - 48 - 338 = 0. List the prime factors of m.
2, 3
Suppose 6*o - 2*d = 5*o + 1116, -2*o + d = -2220. What are the prime factors of o?
2, 277
Let m(g) = -10*g**2 + 16*g**2 - 12 - 5*g**2 + 10*g. Let w be m(-11). List the prime factors of 1 - 6*4/w.
5
Suppose -5*o + 108 = 4*o. What are the prime factors of -68*2/o*105/(-10)?
7, 17
Suppose -8291 = -7*n - 5596. What are the prime factors of n?
5, 7, 11
List the prime factors of (6 + (-100)/15)*-1329.
2, 443
Suppose 26*s - 31*s = -1975. Suppose k - 2*v - 71 = 5, -s = -5*k - 5*v. List the prime factors of k.
2, 3, 13
Let b be ((-3)/(-3))/(1/505). Let l = -317 + b. What are the prime factors of l?
2, 47
Let d(y) = y**3 - 10*y**2 - 10*y - 3. Suppose -5*c + o = -59, -5*c = -0*o - 4*o - 71. Let f be d(c). What are the prime factors of 108/f + 1/(-2)?
13
List the prime factors of ((-12)/7)/((-744)/742 - -1).
2, 3, 53
List the prime factors of (7/((-35)/565))/(2/(-14)).
7, 113
Suppose -4*t - 88 - 32 = 0. Let p = -20 - t. List the prime factors of p.
2, 5
Suppose -13*j - 14 = -14*j. Suppose 2*z + 11 = 6